= 144*z - 836412 - 2899764. Calculate the highest common factor of z and 192.
48
Suppose 1411 = -0*r + 3*r - q, -497 = -r - 5*q. Calculate the greatest common divisor of r and 1.
1
Let r(c) = c**2 + 41*c + 36. Let g be r(-31). Let i = -222 - g. What is the highest common divisor of 130 and i?
26
Let w(g) = g**2 - 6*g - 3. Let u be w(6). Let c be 1 + u + 2 + 60. Let s be 4/(-8) - (210/(-12) + -7). What is the greatest common divisor of c and s?
12
Let a be (-546)/(-7)*425 + 24 + -11. Calculate the highest common divisor of 13 and a.
13
Let b = 660 + -22. Suppose m + 10*m = b. Let f = m - 46. What is the greatest common factor of 96 and f?
12
Suppose -1317*s + 4*n = -1319*s + 6530, -2*s - n + 6545 = 0. Calculate the greatest common divisor of s and 25.
25
Let y be 28/(-21) + 2 + 1174/3. What is the highest common factor of 4508 and y?
196
Let f(y) = y**3 + 62*y**2 - 248*y - 610. Let q be f(-63). Calculate the greatest common divisor of 705 and q.
235
Let m = -140 - -112. Let q be 508 + (-1)/(m/(-8) - 3). What is the highest common factor of q and 46?
46
Let w(b) = 3*b**2 + 14*b + 24. Suppose s - 4*x + 8 = x, -s = 3*x + 8. Let m be w(s). What is the greatest common divisor of m and 16?
8
Let p(g) = 31*g**2 - 2*g - 1. Let w be (-1 + 2)*-6 - -5. Let r be p(w). Calculate the highest common factor of 144 and r.
16
Suppose -18*o = 2*g - 14*o - 4398, 0 = 4*g + 4*o - 8768. What is the highest common factor of 38 and g?
19
Suppose -745 = 5*o - 1391 - 1199. Calculate the highest common divisor of 639 and o.
9
Suppose 0 = 5*h + 4*i - 3*i - 1825, i = 4*h - 1451. Calculate the highest common divisor of h and 196.
28
Let w be (-2 + 0)/((-2)/16*4). Suppose 0 = w*t + 4*j - 60, 2*j = 5 + 1. Calculate the greatest common divisor of t and 36.
12
Let w be 48/168*21/3. Suppose u = 4*x - 29, 43 = 5*x + w*u + 10. Calculate the highest common factor of x and 28.
7
Let s = 6631 + -6580. What is the greatest common divisor of 731 and s?
17
Suppose 20995 = 41*u + 44*u - 82535. Calculate the greatest common factor of 84 and u.
42
Suppose 4*g - 3*q - 19791 = 0, -17*q + 23*q - 14868 = -3*g. What is the greatest common factor of g and 165?
165
Suppose 8*s = 11*s + 5*i - 2512, 0 = 5*s - 2*i - 4228. Suppose 5*n - h - 1076 = 0, s = 4*n - 11*h + 6*h. What is the highest common divisor of 16 and n?
8
Suppose -61*s + 17*s = 0. Suppose 2*o - 2*g - 24 = s, 9*o - 13*o - 3*g + 27 = 0. Let l be ((-2)/4)/((-2)/4). Calculate the greatest common divisor of l and o.
1
Suppose 8*k - 3*r - 405 = 0, 781*k = 780*k - 4*r + 90. Suppose 0 = 2*z + h - 9, h - 3 = -2*z + z. What is the highest common factor of z and k?
6
Let w = -65 + 154. Let n = 25423 + -25245. Calculate the greatest common factor of w and n.
89
Let r = -14906 - -17178. What is the highest common factor of r and 64?
32
Let j be (-1 - 0 - 51) + (1 - 2). Let q = j - -56. Suppose 4*r = q*l - 43, -r + 4 = -3*l + 35. What is the highest common divisor of l and 18?
9
Suppose -233*m + 2527 = -214*m. What is the highest common divisor of m and 304?
19
Suppose -25*d - 7 = -32*d. Suppose 0 = -7*s + 4*s + 4*u + d, 0 = -4*s - 3*u + 18. Suppose -9 = -0*o - o. What is the highest common factor of o and s?
3
Let l be (520/15)/13*1233/12. What is the greatest common divisor of l and 27126?
274
Let z = -100 + 111. Let b be 38*(z/(-2))/(-11). Suppose 6*n + 910 = b*n. Calculate the highest common divisor of 35 and n.
35
Suppose -10*p = -13*p - 18. Let j be (-18)/(p/(-10)*(-4)/6). Suppose -i = 4*i - j. Calculate the highest common divisor of i and 90.
9
Let b(o) = -o**2 - 12*o - 6. Let h be b(-5). Let m = -8 + h. Let k be ((-330)/(-70) - 5) + (-4857)/(-21) + 0. Calculate the greatest common divisor of m and k.
21
Suppose -332*o + 4532 + 2772 = 0. Calculate the greatest common factor of 4829 and o.
11
Suppose -p = -0 - 4. Suppose -p*w + 6 = -2*v, 4*w - v - 4*v - 3 = 0. Let n(q) = -24*q - 623. Let g be n(-26). What is the greatest common divisor of g and w?
1
Suppose 70*d - 73125 = -37*d + 32*d. What is the greatest common factor of 364 and d?
13
Let o = -469 + 594. Calculate the highest common factor of o and 2125.
125
Let a = -1169 - -1174. Calculate the highest common factor of a and 85.
5
Suppose 275 - 3 = 17*h. What is the greatest common factor of 872 and h?
8
Let d = -56 - -58. Suppose -4*f + 34 = 3*x, -2*x + 80 = 3*x + d*f. Let g = x - 3. Calculate the greatest common factor of 10 and g.
5
Let t(h) = 519*h - 299. Let o be t(43). Calculate the greatest common factor of o and 404.
202
Let o be (0/(-1*(-2)/(-2)))/1. Suppose 14 = 2*v - 4*a, -3*a + o = 4*v - 6. Suppose 0 = -v*r + 5*r - 10. Calculate the greatest common divisor of 40 and r.
5
Suppose -566 = -2*x + 2*h, 10*h = x + 8*h - 281. What is the greatest common factor of 630 and x?
15
Let n = -6270 - -6305. Let k(r) = -25*r - 1. Let s be k(-2). Calculate the greatest common divisor of s and n.
7
Let k be ((-699)/(-9))/((-2)/(-12)). Let f(p) = -161*p + 984. Let y be f(6). Suppose -4*r + k = y. What is the greatest common divisor of 32 and r?
16
Let x = 25 - 19. Suppose -x*f = -11*f - 70. Let n = f - -28. Calculate the highest common divisor of n and 14.
14
Let o = -4103 + 4183. Let i be (2 + -262 + 0)/(0 + -1). Calculate the greatest common factor of i and o.
20
Let y(d) = -d**3 - 28*d**2 - 191*d - 33. Let m be y(-25). Calculate the greatest common factor of m and 122.
61
Let q(y) = -9 - 4*y - 12 + 27 + 28. Let f be q(2). Calculate the highest common factor of 2 and f.
2
Let b = -39 - -120. Let z(a) = -3*a + 150. Let n(u) = -u**2 + 32. Let v be n(0). Let p be z(v). Calculate the greatest common divisor of p and b.
27
Let s = -1426 - -1436. Let k(b) = -16*b + 4. Let p(c) = c**3 - 5*c**2 + 4*c - 6. Let r be p(4). Let g be k(r). Calculate the highest common divisor of g and s.
10
Let f(r) = 40*r**2 + 132*r - 1072. Let g be f(10). What is the highest common divisor of g and 3363?
177
Suppose -4*l + 98 = 2*m - 6*l, 5*l = 4*m - 199. Let i = 631 - 330. Let v = i - 232. Calculate the highest common factor of m and v.
23
Let q(w) = -w + 9. Let f be q(7). Let m(u) = u - 5*u**f + 3*u**2 + 29*u**3 - 8 - 28*u**3. Let b be m(3). What is the greatest common factor of b and 1?
1
Let k be (-35)/(-7) - 7 - -223. Suppose -3*q = -4*i - k - 191, -5*q + 4*i + 700 = 0. Calculate the highest common factor of 9 and q.
9
Suppose 6*s - 13*s - 15*s = -770. What is the highest common factor of s and 25?
5
Suppose -127*s + 12651 = 90*s - 62431. What is the highest common divisor of 6 and s?
2
Let p be (-2)/(-2) - (1 - 48). Let u be (13962/(-65) - 54)*-5. What is the greatest common factor of u and p?
48
Suppose -722 + 1490 = 12*o. What is the greatest common divisor of o and 3776?
64
Suppose 4*v - 47376 = 4*k, -2*v + k + 34409 = 10714. What is the greatest common divisor of 7 and v?
7
Let p(n) = 3*n**2 + 2*n + 3. Let f be p(-3). Suppose -79*y = x - 90*y - 38, 4*x - y = 238. Calculate the greatest common divisor of f and x.
12
Suppose 2*o + 4*t = 11 - 1, 3*t = -o + 5. Suppose 0 = s - 31 - 1. Suppose o*x - s = x. What is the highest common divisor of 72 and x?
8
Let z(i) = i**3 - 7*i**2 + 4*i - 52. Let m be z(8). Suppose 31*k - m*k + 6188 = 0. Calculate the highest common divisor of 68 and k.
68
Suppose -155*l = -202*l + 21808. What is the greatest common divisor of l and 406?
58
Let y be 130/39*(-4 + (76 - 0/2)). What is the greatest common factor of y and 5160?
120
Suppose -34*a + 5811 = 1595. Calculate the greatest common factor of 2573 and a.
31
Let i = -284 + 432. Suppose -306 = -2*t + 2*x, 4*t - i = 3*t + 2*x. Calculate the greatest common divisor of 869 and t.
79
Let k = -16 - -48. Let q(x) be the third derivative of 2*x**4/3 + 76*x**3/3 + 8*x**2 + 8*x. Let b be q(-8). What is the greatest common divisor of k and b?
8
Suppose -307*a = -293*a - 336. Calculate the highest common factor of 1536 and a.
24
Suppose -54*t - 18 = -57*t. Suppose t*o = 2*o + 5*k + 86, 5*o - k - 118 = 0. What is the greatest common factor of 24 and o?
24
Let c(a) = a**3 - 3*a**2 + 42*a - 115. Let i be c(3). Calculate the highest common divisor of 18293 and i.
11
Let o be 744/(-64) - 6/16. Let n be (78/o + 5)*-88. Calculate the greatest common factor of 24 and n.
12
Suppose 2*j + 2*i - 4*i - 14 = 0, j - 2*i - 4 = 0. Let o be 1/(2/(-62)) + 3. L